{"id":17,"date":"2018-03-04T21:46:57","date_gmt":"2018-03-04T20:46:57","guid":{"rendered":"http:\/\/jeromegrandieresphotos.fr\/?page_id=17"},"modified":"2021-04-10T22:01:16","modified_gmt":"2021-04-10T20:01:16","slug":"a-propos-de","status":"publish","type":"page","link":"https:\/\/jeromegrandieresphotos.fr\/index.php\/a-propos-de\/","title":{"rendered":"\u00c0 propos de"},"content":{"rendered":"<p>Passionn\u00e9 par l&rsquo;histoire de l&rsquo;aviation , je me suis mis \u00e0 la photo pour garder des instantan\u00e9s des avions que j&rsquo;ai pu admirer en meeting ou en balade sur le bords des pistes. Cette passion m&rsquo;a amen\u00e9 \u00e0 voyager, \u00e0 faire des rencontres et \u00e0 m&rsquo;essayer \u00e0 d&rsquo;autres th\u00e8mes photographiques. Le plus proche, vu mon d\u00e9partement de naissance, correspond au 24h du Mans et un int\u00e9r\u00eat logique pour les sports m\u00e9caniques . Mais d&rsquo;autres th\u00e8mes attirent mon regard: l&rsquo;animalier, les paysages et j&rsquo;ai encore beaucoup de choses \u00e0 apprendre et \u00e0 tenter.<\/p>\n","protected":false},"excerpt":{"rendered":"<p>Passionn\u00e9 par l&rsquo;histoire de l&rsquo;aviation , je me suis mis \u00e0 la photo pour garder des instantan\u00e9s des avions que<\/p>\n","protected":false},"author":1,"featured_media":0,"parent":0,"menu_order":0,"comment_status":"closed","ping_status":"closed","template":"","meta":{"pgc_sgb_lightbox_settings":""},"_links":{"self":[{"href":"https:\/\/jeromegrandieresphotos.fr\/index.php\/wp-json\/wp\/v2\/pages\/17"}],"collection":[{"href":"https:\/\/jeromegrandieresphotos.fr\/index.php\/wp-json\/wp\/v2\/pages"}],"about":[{"href":"https:\/\/jeromegrandieresphotos.fr\/index.php\/wp-json\/wp\/v2\/types\/page"}],"author":[{"embeddable":true,"href":"https:\/\/jeromegrandieresphotos.fr\/index.php\/wp-json\/wp\/v2\/users\/1"}],"replies":[{"embeddable":true,"href":"https:\/\/jeromegrandieresphotos.fr\/index.php\/wp-json\/wp\/v2\/comments?post=17"}],"version-history":[{"count":4,"href":"https:\/\/jeromegrandieresphotos.fr\/index.php\/wp-json\/wp\/v2\/pages\/17\/revisions"}],"predecessor-version":[{"id":274,"href":"https:\/\/jeromegrandieresphotos.fr\/index.php\/wp-json\/wp\/v2\/pages\/17\/revisions\/274"}],"wp:attachment":[{"href":"https:\/\/jeromegrandieresphotos.fr\/index.php\/wp-json\/wp\/v2\/media?parent=17"}],"curies":[{"name":"wp","href":"https:\/\/api.w.org\/{rel}","templated":true}]}}